termine y(-10).
18
Let w(b) = -2*b**3 + 13*b**2 - 23*b - 6. Determine w(4).
-18
Let g(v) = v**3 - 5*v**2 - 4*v + 8. Give g(6).
20
Let j(r) = -10*r - 179. Give j(-16).
-19
Let b(p) = -p**2 + 25*p + 6. Determine b(25).
6
Let h(v) = 3*v + 2. Determine h(5).
17
Let f(u) = -u**3 - 4*u**2 - 3*u - 1. Give f(-3).
-1
Let w(h) = h**3 + 4*h**2 - 3*h + 21. Calculate w(-5).
11
Let i(p) = -p**3 - 10*p**2 + p + 13. Give i(-9).
-77
Let j(r) = r**2 - 8*r + 18. Calculate j(2).
6
Let i(c) = -c**3 - 5*c**2 + 5*c + 9. Calculate i(-6).
15
Let b(y) = 11*y - 2. What is b(-1)?
-13
Let m(b) = b**2 + 6*b - 6. What is m(-10)?
34
Let n(x) = x - 21. Give n(16).
-5
Let o(k) = 3*k + 64. Calculate o(-24).
-8
Let d(x) = x**3 + 5*x**2 - 4*x + 10. Give d(-6).
-2
Let m(l) = -l**3 - 12*l**2 - 10*l + 19. Determine m(-10).
-81
Let y(f) = 5*f**2 + 5*f - 16. Determine y(-6).
134
Let c(n) = 4*n - 53. Give c(10).
-13
Let a(y) = y**2 + 5*y - 7. Give a(0).
-7
Let f(i) = -i**3 + 11*i**2 - 18*i - 6. Calculate f(9).
-6
Let v(g) = 3*g**3 - g**2 - g - 1. What is v(-1)?
-4
Let r(v) = -2*v - 33. Give r(-12).
-9
Let q(s) = -s**2 + 3*s - 13. What is q(8)?
-53
Let k(m) = m**3 + 14*m**2 + 13*m - 17. What is k(-13)?
-17
Let x(d) = -d**3 - 13*d**2 - 11*d + 7. Determine x(-12).
-5
Let w(h) = -3*h**3 - 25*h**2 + 20*h + 24. Determine w(-9).
6
Let n(a) = -a**2 - 7*a + 277. What is n(13)?
17
Let j(z) = 3*z**2 + 2*z + 2. What is j(-4)?
42
Let p(f) = -f**2 - 18*f + 28. What is p(-19)?
9
Let i(g) = 2*g**2 + 14*g - 3. What is i(-7)?
-3
Let k(r) = 5*r - 31. What is k(-11)?
-86
Let f(y) = -2*y**3 + 29*y**2 + 16*y - 18. Calculate f(15).
-3
Let k(u) = u**3 - 6*u**2 - 13*u - 21. Give k(8).
3
Let s(p) = -38*p + 4. Give s(2).
-72
Let q(p) = 4*p**2 + 25*p + 7. Determine q(-6).
1
Let d(n) = -6*n - 53. What is d(7)?
-95
Let z(a) = -a**3 + 5*a**2 - 5*a - 4. What is z(4)?
-8
Let v(p) = 19*p**3 - p**2 + p - 1. Determine v(1).
18
Let b(r) = -r**2 + 3*r - 7. Calculate b(5).
-17
Let y(m) = 2*m**2 + 3*m - 4. Calculate y(3).
23
Let u(f) = -3*f**2 - 4*f + 10. Calculate u(2).
-10
Let k(u) = -u**3 + 3*u**2 + 7*u - 2. Give k(3).
19
Let z(k) = 3*k**2 + 2*k + 6. What is z(8)?
214
Let g(y) = -y**3 - 9*y**2 + 11*y + 9. Calculate g(-10).
-1
Let i(x) = 4*x**3 + x**2 - 4*x + 3. Give i(2).
31
Let g(j) = -93*j + 549. What is g(6)?
-9
Let o(y) = y**3 + 16*y**2 + 11*y - 39. Give o(-15).
21
Let q(m) = 6*m + 10. What is q(1)?
16
Let z(r) = 6*r - 7. Calculate z(2).
5
Let r(m) = 3*m**2 + 20*m - 86. Give r(4).
42
Let f(g) = g**2 - 7*g - 24. Determine f(12).
36
Let q(n) = 3*n**2 - 2*n - 2. Give q(-2).
14
Let m(a) = a**3 + 12*a**2 + 10*a + 1. Give m(-11).
12
Let r(s) = s**2 + 9*s - 54. Calculate r(-11).
-32
Let i(n) = n**3 + 7*n**2 + 7*n - 17. Determine i(-4).
3
Let f(c) = c**2 - 19*c - 76. Calculate f(-4).
16
Let y(t) = -t**2 + 4*t + 13. What is y(7)?
-8
Let k(f) = -f**2 + 12*f - 10. Determine k(12).
-10
Let u(b) = 11*b + 93. Calculate u(-8).
5
Let z(i) = i**2 - 4*i - 8. Determine z(7).
13
Let f(b) = b**3 + 15*b**2 - 38*b - 67. Give f(-17).
1
Let i(w) = 2*w**2 + 3*w - 18. Determine i(-7).
59
Let q(n) = 5*n + 6. Determine q(5).
31
Let r(u) = -u**2 - 5*u - 4. What is r(-3)?
2
Let b(y) = y**3 - 5*y**2 + 6*y - 3. Give b(4).
5
Let x(j) = -j**3 - 5*j**2 + 16*j + 8. What is x(-7)?
-6
Let o(k) = -k**2 - 22*k - 89. Determine o(-13).
28
Let n(m) = m**2 + 2*m - 11. Give n(-5).
4
Let d(k) = -13*k**3 + 2*k**2 + 2*k - 3. Determine d(1).
-12
Let t(f) = 2*f + 35. Calculate t(-24).
-13
Let i(x) = -58*x + 1. What is i(1)?
-57
Let d(q) = 9*q - 110. Give d(17).
43
Let f(l) = l**2 + 92*l + 359. Determine f(-4).
7
Let d(z) = -23*z - 49. Calculate d(-2).
-3
Let f(d) = d**3 + 6*d**2 + 7*d + 3. Calculate f(-5).
-7
Let b(v) = 21*v - 20. Calculate b(-4).
-104
Let a(l) = l - 15. Calculate a(15).
0
Let s(u) = u**3 + u**2 - 7*u - 11. Determine s(-2).
-1
Let z(y) = -y + 5. Determine z(0).
5
Let d(t) = t - 24. Determine d(18).
-6
Let y(j) = 91*j**2 + 14*j + 13. What is y(-1)?
90
Let m(q) = -5*q**3 - 2*q**2 - 3*q - 2. Calculate m(-1).
4
Let f(o) = -o**3 - 3*o**2 + 3*o + 3. Determine f(-5).
38
Let y(u) = -u**2 - u + 24. Calculate y(0).
24
Let a(c) = 11*c**2 + 11*c + 22. What is a(-3)?
88
Let y(k) = -5*k - 74. Calculate y(-16).
6
Let c(d) = -3*d**2 + d - 1. Give c(-2).
-15
Let f(n) = 20*n + 51. What is f(-3)?
-9
Let j(q) = 40*q - 5. Determine j(1).
35
Let x(f) = -4*f - 2. Give x(-3).
10
Let v(j) = 4*j + 2. Give v(10).
42
Let z(i) = i**3 - 6*i**2 + 7*i - 42. What is z(6)?
0
Let j(s) = 4*s**2 + 10*s + 6. Give j(-4).
30
Let z(f) = -2*f**3 - 13*f**2 + 6*f + 1. Give z(-7).
8
Let b(h) = h**3 - 23*h**2 + 24*h - 12. Determine b(22).
32
Let f(w) = w**3 - w**2 - 4*w. Calculate f(2).
-4
Let f(z) = 2*z + 19. Determine f(11).
41
Let d(c) = -c**2 + 24*c - 42. Determine d(22).
2
Let t(s) = -7*s**2 + 27*s - 1. What is t(4)?
-5
Let t(v) = -4*v + 10. Give t(5).
-10
Let p(s) = -s**2 - 15*s - 21. Give p(-14).
-7
Let y(h) = h**3 - 10*h**2 + 6*h + 22. Give y(9).
-5
Let k(o) = 7*o - 49. What is k(8)?
7
Let i(s) = 3*s**2 - 7*s - 4. Determine i(6).
62
Let b(y) = -y**3 + 10*y**2 - 19*y - 8. What is b(4)?
12
Let n(g) = g**3 + 18*g**2 + 30*g - 39. What is n(-16)?
-7
Let w(y) = y**3 - 8*y**2 - 11*y - 8. What is w(9)?
-26
Let g(d) = d**2 - 6*d - 37. What is g(10)?
3
Let t(s) = 2*s**2 - 14*s + 18. Calculate t(6).
6
Let z(v) = -4*v**2 + 12*v - 18. Calculate z(2).
-10
Let q(b) = 22*b**2 + 2*b - 2. Determine q(1).
22
Let w(k) = k**2 - 18*k + 69. Give w(6).
-3
Let u(c) = 15*c - 128. What is u(9)?
7
Let c(b) = -b**2 - 14*b + 1. Calculate c(-16).
-31
Let t(b) = -b - 13. What is t(-19)?
6
Let l(d) = 3*d + 2. What is l(-1)?
-1
Let b(q) = -q. Calculate b(-3).
3
Let o(v) = -v**3 + 8*v**2 - 6*v - 14. Determine o(7).
-7
Let y(k) = -2*k**2 + 14*k - 8. What is y(10)?
-68
Let y(a) = a**3 - 20*a**2 - a + 28. Determine y(20).
8
Let q(w) = -w**2 + 5*w - 1. Calculate q(8).
-25
Let c(r) = -4*r**2 - 3*r - 9. Calculate c(-4).
-61
Let t(d) = 8*d - 42. Give t(7).
14
Let f(v) = -7*v + 11. What is f(16)?
-101
Let f(g) = -g**3 + 8*g**2 + 8*g - 4. Determine f(9).
-13
Let m(t) = 4*t - 103. Calculate m(27).
5
Let u(b) = 9*b - 102. What is u(14)?
24
Let a(b) = 2*b + 14. What is a(-10)?
-6
Let h(l) = -l**3 - 3*l**2 - 18*l - 145. Give h(-5).
-5
Let m(v) = v**3 - 6*v**2 - 2. Calculate m(6).
-2
Let n(j) = -j**3 + 17*j**2 - 20*j - 12. What is n(15)?
138
Let d(i) = 7*i + 9. Give d(-1).
2
Let v(u) = u**3 + u**2 - 2*u + 2. Calculate v(2).
10
Let q(m) = -m**3 + 9*m**2 + 5*m - 10. What is q(9)?
35
Let i(z) = z**2 + 11*z + 24. Calculate i(-11).
24
Let b(d) = 11*d - 2. Determine b(1).
9
Let y(o) = -o**3 + o - 56. Calculate y(0).
-56
Let c(v) = -v**2 + 5*v - 12. Give c(2).
-6
Let x(u) = -2*u - 6. Give x(7).
-20
Let h(m) = -10*m + 39. Determine h(3).
9
Let q(m) = -6*m + 18. What is q(4)?
-6
Let a(b) = -b**2 - 10*b - 15. Determine a(-3).
6
Let h(q) = -q**2 + 9*q - 3. What is h(6)?
15
Let z(g) = -4*g**2 + 40*g - 8. What is z(10)?
-8
Let s(f) = f**3 - 9*f**2 - 10*f - 10. What is s(10)?
-10
Let n(v) = v**3 + 23*v**2 + 27*v + 28. Determine n(-22).
-82
Let h(y) = y**3 - 10*y**2 - 8*y - 10. What is h(10)?
-90
Let s(y) = y**3 + 11*y**2 + 10*y + 5. Determine s(-10).
5
Let d(k) = -2*k**3 + 11*k**2 + 7*k - 2. What is d(6)?
4
Let d(q) = -q**3 - 12*q**2 - 11*q + 14. Give d(-11).
14
Let j(n) = n**2 + n - 11. Calculate j(9).
79
Let j(w) = w**2 - 5*w - 26. Give j(8).
-2
Let i(p) = p**3 + 4*p**2 + 3*p - 2. Calculate i(-5).
-42
Let a(k) = -k**3 + 39*k**2 + 82*k - 6. Give a(41).
-6
Let l(q) = -q + 13. What is l(12)?
1
Let q(c) = c**3 + 28*c**2 - 28*c + 47. Calculate q(-29).
18
Let t(b) = b**2 + 20*b - 18. Determine t(-17).
-69
Let k(o) = o**3 - 6*o + 3. Give k(0).
3
Let w(u) = -10*u - 1. Determine w(2).
-21
Let s(a) = 2*a**2 - 44*a + 27. Give s(21).
-15
Let u(o) = o**2 - 3*o - 117. Calculate u(14).
37
Let h(f) = 24*f - 18. Calculate h(1).
6
Let a(k) = k - 25. Determine a(17).
-8
Let y(p) = 10*p**2 - p + 10. What is y(3)?
97
Let s(j) = j**2 - 4*j + 1. Determine s(2).
-3
Let c(j) = 2*j - 1. Calculate c(-1).
-3
Let p(b) = 3*b**3 + b + 31. What is p(0)?
31
Let j(z) = -z**2 - z - 90. Determine j(0).
-90
Let m(u) = -2*u**2 + 6*u + 17. What is m(6)?
-19
Let l(u) = -9*u - 54. Determine l(-7).
9
Let a(j) = 4*j - 23. What is a(7)?
5
Let i(l) = -l**3 - 15*l**2 - 16*l - 8. What is i